 4*x = -2*a + 278. What is the highest common divisor of x and p?
70
Let k(m) = -8*m + 40. Let z(d) = -2*d + 13. Let c(r) = -6*k(r) + 17*z(r). Let s be c(2). What is the greatest common factor of 261 and s?
9
Let v be 7876/10*60/24. What is the highest common divisor of v and 22?
11
Suppose -4*z - 40 = -2*j + 276, 6*z - 150 = -j. What is the greatest common factor of 36 and j?
12
Suppose -88 = -6*g + 32. Let v be 4/(-3) - (-7650)/(-54). Let h = 203 + v. What is the greatest common divisor of h and g?
20
Suppose -4*i - 2*l = -1062, i - 4*l = -6*l + 258. Let h = 275 - i. What is the greatest common divisor of 7 and h?
7
Let i(p) = p**3 + 14*p**2 + 18*p - 50. Let m be i(-6). Calculate the greatest common factor of m and 715.
65
Let s(r) = -4*r - 86. Let h be s(-25). Suppose h*y - 2505 = 3179. What is the greatest common factor of y and 14?
14
Let f(k) = -k**3 - 38*k**2 - 38*k - 31. Let u be f(-37). Calculate the greatest common factor of u and 375.
3
Let m be (3/21*2 - (-1168)/28) + -3. Let a be 0 + (-11)/((-22)/156). Calculate the greatest common divisor of a and m.
39
Let u = -6986 + 7794. What is the greatest common divisor of u and 40?
8
Suppose 0 = -55*o - 8 + 8. Suppose -51*v - 3*d = -47*v - 31, o = -5*v + 4*d. Let u be 1/(0 + 2/6). What is the highest common divisor of u and v?
1
Suppose -3*m + 4*d + 17 = -17, -41 = -4*m + d. Let k = -34 + 34. Let b be (k + -3 - -4) + 14. Calculate the greatest common factor of b and m.
5
Suppose 116 = 20*i - 103 - 21. What is the greatest common divisor of 1264 and i?
4
Suppose -2*s = 9*f - 4*f - 4878, 2*f = 3*s + 1936. Calculate the greatest common factor of f and 8.
2
Let t be (-9 - (-4 + (-2 - -4))) + 3. Let o(i) = i**2 + 3*i - 16. Let s be o(-8). Let u be (s/(-36))/(t/198). Calculate the highest common divisor of 3 and u.
3
Let u = -199 + 34. Let p = u + 187. Calculate the greatest common divisor of 176 and p.
22
Suppose -4*b - 27 + 83 = -32. Calculate the highest common factor of 3674 and b.
22
Let g(n) = 2*n. Let x be g(1). Suppose 3*d - 64 = -5*f, -68*d - x*f = -65*d - 76. Calculate the greatest common divisor of 252 and d.
28
Let h(z) = z**3 + 5*z**2 - 29*z - 5. Let c be h(-8). Calculate the highest common factor of 455 and c.
35
Suppose -6 = -4*a + u + 64, a + u - 15 = 0. Let q be 1593/21 + 1/7 + -8. What is the greatest common divisor of q and a?
17
Suppose 2594 = 28*s + 445 - 371. Let m(r) = 109*r**3 + 2*r**2 - 1. Let p be m(1). What is the highest common factor of s and p?
10
Suppose 0 = -28*t + 32*t + 1292. Let d = 353 + t. What is the highest common factor of d and 12?
6
Let j be (18 - 0)*(2 + (-70)/42). Suppose -j*s + 13*s - 308 = 0. What is the greatest common factor of s and 4?
4
Suppose -2*d + 0*p - p = -10, 5*p = 0. Suppose 47 = -d*h + 107. Suppose h*q = 3*q + 432. Calculate the greatest common factor of q and 6.
6
Let i(u) = 55*u**3 + u**2 - u. Let p be i(2). Let b be (8/18)/(62/3627). Calculate the greatest common divisor of b and p.
26
Let i(n) = 8*n**2 + 106*n - 73. Let r be i(-15). Calculate the highest common factor of 4 and r.
1
Suppose 66*b + 3513 - 13545 = 0. Calculate the highest common factor of 504 and b.
8
Let y be 8/((-56)/(-805))*(2 + -8 + (-1088)/(-170)). Let g = -222 + 383. Calculate the highest common divisor of g and y.
23
Let h be 9/(-5) - 13/65. Let c be (20/(-25))/(h/50). Calculate the highest common divisor of c and 320.
20
Let i(j) = j**2 + j - 16. Let f be i(6). Suppose 300 = -f*g + 32*g. Suppose -6*x + 50 = -x. What is the highest common factor of x and g?
10
Let n(i) = 9*i**2 + 5*i - 361. Let v be n(20). Calculate the highest common factor of 14 and v.
7
Let u(g) = 71*g + 4980. Let p be u(-52). Calculate the highest common divisor of p and 2392.
184
Suppose -4*g - 103 - 333 = 0. Let v = 166 + g. Let u be ((-9)/(-12))/((-20)/((-24320)/48)). What is the greatest common divisor of u and v?
19
Let g(k) = 14*k - 31*k**2 + 7*k**2 + 8*k**2 + 11 + 13*k**2 + 6*k**2. Let q be g(-4). What is the greatest common factor of 51 and q?
3
Let l = 1933 - 1702. What is the greatest common divisor of 2233 and l?
77
Let c be ((-16)/(-12))/((-2)/3). Let g(f) = -11*f - 3. Let a be g(c). Let j be (19/(-1))/(105/(-42) + 2). Calculate the highest common divisor of a and j.
19
Let d = 487 + -485. Suppose -5*r + r = 3*n - 311, -n - d*r = -103. What is the highest common factor of n and 126?
21
Let f(h) = -53*h - 479. Let c be f(-10). Calculate the highest common divisor of c and 87.
3
Let z(x) = 50*x**2 + 18*x + 51. Let f be z(12). What is the highest common factor of f and 57?
57
Let b(y) = -21*y**2 + 57*y - 12. Let o be b(8). Let x be (-7)/(-1)*(o/(-63) + -10). What is the highest common factor of x and 870?
30
Let r(j) = -2*j**3 - 18*j**2 - 7*j - 4. Let x be r(-9). What is the greatest common factor of 11 and x?
1
Let g = -19260 - -19332. What is the highest common factor of 2000 and g?
8
Suppose 5*h + 122 = -s + 131, 0 = h - 3*s - 21. Calculate the highest common factor of h and 10329.
3
Suppose -2*y - 5 = -9. Suppose -y*r + 13 - 17 = 0. Let k(m) = 10*m**2 + 2*m + 4. Let q be k(r). Calculate the greatest common divisor of q and 10.
10
Let j = -2745 + 3213. Calculate the greatest common factor of 351 and j.
117
Let y(b) = 7*b + 3. Let x(j) = 3*j + 2. Let i(a) = 9*x(a) - 4*y(a). Let t be i(-15). What is the highest common factor of 84 and t?
21
Let b = 387 - 582. Let i be (330/(-75))/(3/b*1). Calculate the greatest common factor of 88 and i.
22
Suppose -170 - 2 = -43*j. Suppose -4*a + 14 - 2 = 0, 2*a = j*l - 6. Let t = -11 - -68. What is the highest common factor of l and t?
3
Suppose -2*x + 4*o = -46, 2*o - 17 = -x + 7*o. Let s = -18 + x. Suppose -5*t + 4 = 2*w - 13, -2*w + 4*t + 8 = 0. Calculate the highest common factor of s and w.
3
Let x = -347 + -251. Let c = x - -787. What is the greatest common factor of c and 54?
27
Let s be (-3 + -2)*(-3)/3. Suppose -9 = -x - 4*o, 3*x = -s*o + 5 + 50. Calculate the highest common divisor of 450 and x.
25
Let l(c) be the second derivative of c**3/2 - 13*c**2/2 - 18*c. Let f be l(6). Suppose -f*r + 408 = -152. What is the highest common factor of r and 7?
7
Let l be (-1)/10 - 502/(-20). Let h = -138 - -238. Calculate the greatest common divisor of h and l.
25
Let u be 2/8 + (-25)/4. Let v(n) = -9*n + 2 + 0 + 5*n**2 + 9 + 3 + n**3 - 8. Let c be v(u). What is the highest common divisor of c and 60?
12
Let c = 7452 - 6633. Calculate the greatest common divisor of 84 and c.
21
Let s(z) = -z**2 + 15*z - 2040. Let x be s(0). Let w be x/(-204)*(6/5 - 0). What is the highest common divisor of w and 32?
4
Let s(k) = -3*k + 39*k**2 + 7*k + 1 + 0*k - 8*k. Let l be s(1). What is the greatest common divisor of 45 and l?
9
Suppose 78269 = 81*i + 15359 - 69525. Calculate the highest common divisor of i and 3.
3
Suppose -3*o + 670 = -g, 23*o - 886 = 19*o + 5*g. What is the highest common factor of 308 and o?
28
Let q = -2471 + 2489. What is the highest common divisor of 4383 and q?
9
Let v = 1043 - 683. Let y = -24 + v. What is the highest common factor of y and 28?
28
Let d(f) = f**2 - 6*f + 45. Let z be d(30). Let b be (-5 - (-6 + 5)) + 22 + -1. What is the greatest common factor of z and b?
17
Let p be ((-962)/777 - (-4)/(-42))/((-6)/2430). What is the greatest common divisor of 1640 and p?
20
Suppose 18131 = 4*k + 3*z, -5*k + 5*z = 2686 - 25411. Calculate the greatest common factor of 6 and k.
2
Suppose -34*a + 39*a + 4*p + 2121 = 0, -1697 = 4*a + 3*p. Let n = a + 433. Calculate the highest common divisor of n and 1.
1
Suppose -15*r = -21*r + 182 + 40. Suppose 3*b - 89 = -0*t - t, 276 = 4*t - 4*b. Calculate the greatest common factor of r and t.
37
Let r be 24/(-10)*(-51 + 6). Calculate the greatest common divisor of 162 and r.
54
Suppose 25*s = 4*s + 3213. Suppose 161*y - 8320 = s*y. What is the greatest common factor of 20 and y?
20
Let k = 49 + -72. Let f = k + 87. What is the highest common factor of 160 and f?
32
Suppose -7*d + 34 = 188. Let t be ((-104)/6)/(d/33). What is the greatest common factor of 195 and t?
13
Suppose -2*n - 48 = 4*c - 6, 0 = 3*c - 3*n + 18. Let a = c + 9. Let y(m) = 3*m + 9. Let w be y(a). What is the greatest common factor of w and 81?
9
Let c be 1/5 + 2/(-10). Suppose 138 = 3*x - c*x. Suppose -67*y = -1812 - 5893. What i